 - 3*z + 9 + w = 0, -4*z = -3*v + 31. What are the prime factors of v?
13
Suppose 4*v + 0*j = -j - 14, 3*v - 2*j = -16. Let y = v + 40. What are the prime factors of y?
2, 3
Let h(g) be the second derivative of 1/12*g**4 + 0 + 2*g + 1/6*g**3 - 1/2*g**2. What are the prime factors of h(2)?
5
Let p be -1 + 0 + 0 - -36. Suppose -2*o + 7*o - p = 0. What are the prime factors of o?
7
Let i(l) = l**2 + 6*l + 70. What are the prime factors of i(-11)?
5
Let z be -57*2*1/(-2). Suppose 0 = -4*t - 13 + z. List the prime factors of t.
11
Suppose 0 = -3*v + 6*v - 30. List the prime factors of (-4)/v - 348/(-20).
17
Let x(i) = -2*i**3 - 4. Let m(y) = 5*y**3 - y**2 - y + 9. Let p(h) = -3*m(h) - 7*x(h). List the prime factors of p(3).
2, 5
Let x(p) = -p**2 + 5*p + 6. Let b be x(6). Let r = 2 - -4. Suppose r*c - 7*c + 16 = b. List the prime factors of c.
2
Let o(z) = -z**2 - 6*z + 11. Let n be o(-9). Let c = -2 - n. List the prime factors of c.
2, 7
Let y(i) = i - 3. Let k be y(3). Suppose u + u - 52 = k. List the prime factors of u.
2, 13
Suppose 0 = 5*s - 95 - 105. List the prime factors of s.
2, 5
Let r(q) = -q**3 + 9*q**2 + 10*q + 4. Suppose -n + 4*n + 20 = 2*w, 10 = w - n. List the prime factors of r(w).
2
What are the prime factors of 16/56 - 2304/(-21)?
2, 5, 11
Let v be (-1)/(-2)*(-16 + 8). What are the prime factors of (-6)/4*v/1?
2, 3
Suppose -3*q + 1 = 2*f - 1, 3*q - 5*f = -5. Let a = 0 + q. List the prime factors of (-3 - a)*(-64)/12.
2
Let i be (-12)/4*(-16)/(-3). Let v be i/(-10) + (-6)/(-15). Suppose -k - v*y = -2, k - 5*k - 4*y = -28. What are the prime factors of k?
2, 3
Suppose 195 = 7*z - 4*z. List the prime factors of z.
5, 13
Suppose 1 = -g + 10. Suppose -4*v + g = -35. What are the prime factors of v?
11
Let c = -3 + 6. Suppose 30 = 3*x - 3*d, -5*x + d + c*d + 47 = 0. List the prime factors of x.
7
Let o = -2 - -5. Suppose o*h = -2*v - 2*v - 33, 3*h + 27 = -2*v. Let i = 17 + h. What are the prime factors of i?
2, 5
What are the prime factors of -9 + 12 - -1*33?
2, 3
Let p = 26 + -21. Suppose n = a - 9 + 1, 2*n - 26 = -p*a. List the prime factors of a.
2, 3
Suppose -4*g + 5*i + 0*i - 34 = 0, 3*i + 24 = -5*g. List the prime factors of (-9)/(-5)*(-20)/g.
2, 3
Let f = 5 - 3. Let i be (-3)/((-1 + 0)/f). Suppose j + 2 = i. What are the prime factors of j?
2
Let r(z) = -z**3 - 12*z**2 - 14*z - 8. Let u(x) = -x - 4. Let w be u(7). What are the prime factors of r(w)?
5
Let y = 8 - 5. Suppose -2*c - c = -y, 0 = v - 2*c - 1. List the prime factors of v.
3
Let q = 104 + -43. List the prime factors of q.
61
Let w = 2 - 3. Suppose 5*l = -13 - 32. Let p = w - l. What are the prime factors of p?
2
Suppose 132 = -2*w + 5*w. List the prime factors of w.
2, 11
Let k = 342 + -87. What are the prime factors of k?
3, 5, 17
Let z = 0 + 0. Suppose z = -u - 5, -5*s - 4*u - 16 = 4. Suppose -3*l + 30 = -s*l - 3*b, -2*b - 26 = -3*l. List the prime factors of l.
2, 3
Let d be 2/(-3)*(-36)/8. Suppose 11 = d*a - 100. List the prime factors of (-2)/8 + a/4.
3
Let o(n) = 7*n**2 + 8*n**2 - 3*n**2 - 2 + 2*n. List the prime factors of o(2).
2, 5
Let i = 17 - 3. Let o be (-80)/(-45) - 2/(-18)*2. Suppose l - o*l = -i. List the prime factors of l.
2, 7
Suppose 6*y - 804 = -6*y. List the prime factors of y.
67
Suppose -h - 72 = -q, 0 = 3*q + 7*h - 2*h - 240. List the prime factors of q.
3, 5
List the prime factors of ((-5)/15)/((-2)/54).
3
Suppose -203 = 6*a - 1439. List the prime factors of a.
2, 103
Suppose 0 = 2*c - 0*c - 4. Suppose v - u = 12, -c*v = -4*v - 5*u + 24. List the prime factors of v.
2, 3
Let f(o) be the third derivative of o**5/60 - o**4/12 - o**3 + o**2. Suppose -17*r + 10*r = -42. What are the prime factors of f(r)?
2, 3
Suppose 2*p - 1 - 3 = 0. Let d = p + 1. What are the prime factors of d?
3
Let k(f) = -f**3 + 6*f**2 - 3*f - 5. Let b be k(5). Suppose 2*j - 9 = 4*o - 3, b*o + 6 = j. Let s = o - -9. List the prime factors of s.
2
Suppose 3*g = o - 83, 2*g = -o + 134 - 36. What are the prime factors of o?
2, 23
Suppose -3*p + 130 + 89 = 0. What are the prime factors of p?
73
What are the prime factors of 1 - (-197)/5 - 14/35?
2, 5
Suppose -418 = -14*c + 296. What are the prime factors of c?
3, 17
Let t = -48 + 81. Suppose t = o + 3*b, -2*o = -0*o + 3*b - 54. What are the prime factors of o?
3, 7
Let j = -2 - -4. Let o be 1 + (j - (2 - 1)). Suppose o*z - 8 = -0*z. What are the prime factors of z?
2
Let f = 4 - 0. List the prime factors of ((-15)/f)/((-1)/8).
2, 3, 5
Let q = -9 - -10. Let y(v) = 38*v**2 + v. What are the prime factors of y(q)?
3, 13
Let k = -4 - 2. Let i = -3 - k. Suppose -4*q - 2*c + 24 = -4*c, i*q - 2*c - 16 = 0. List the prime factors of q.
2
List the prime factors of -2*(-512)/(1 + 3) - -2.
2, 3, 43
Suppose z = -5, 4*z = -5*n + 5*z + 45. Suppose -f = 3 - n. Suppose 2*r - 5 = -2*l + f*r, -3*r + 44 = 5*l. List the prime factors of l.
7
What are the prime factors of (-10)/2 + 0 + 26?
3, 7
Let z = -113 - -257. Let m = z + -80. Suppose 4*v - 8*v = -m. List the prime factors of v.
2
Let c be (-10)/65 - (-82)/26. Let n = 0 - -2. Suppose n*q + 4*l + 0 = 14, -17 = -4*q + c*l. What are the prime factors of q?
5
Let r(n) = n - 4. Let g be r(4). Suppose 0 = -4*a + 4*f + 48, -3*a = -5*f - g*f - 44. List the prime factors of a.
2
Let t(g) = -g**2 - 9*g - 12. Let i be t(-8). What are the prime factors of (-2)/(i/104*4)?
13
Suppose -4*z - 21 = -2*v + 85, -3*v + 149 = 4*z. What are the prime factors of v?
3, 17
Suppose -3*h + 4*t = -34, -2*h + 2*t = 2*h - 42. Suppose -4*j - j = -h. Suppose 3*c - j*p - 3*p = 19, -2*c - 2*p + 2 = 0. What are the prime factors of c?
3
Suppose j + 129 = 5*r + 2*j, 2*j = -4*r + 108. What are the prime factors of r - 12/(12/3)?
2, 11
Suppose a - 5*j - 10 = -0*j, 0 = -5*a + 5*j + 10. Let n be 538/9 - 4/(-18). Suppose 6*w - w - n = a. List the prime factors of w.
2, 3
Let z(d) = -d**2 + 8*d + 2. Let l be z(8). Suppose 0 = -3*c - 3*t + 24, 3*c - l*t + 3*t = 32. List the prime factors of c.
2, 3
Let p(i) = i**3 - 5*i**2 + i + 2. Let c be p(5). Suppose -c = -u + 5. List the prime factors of u.
2, 3
Suppose -3*m - 2*u - 5 + 11 = 0, 3*u = 5*m - 10. Suppose 2*v - 32 = -m*v. What are the prime factors of v?
2
Let u = -74 - -95. What are the prime factors of u?
3, 7
Suppose 0*q - 99 = -3*q. List the prime factors of q.
3, 11
Suppose 5*a + 40 - 155 = 0. List the prime factors of a.
23
Let i = -59 + 162. What are the prime factors of i?
103
Suppose 3*h = -5*l + 777, 4*h + 104 + 56 = l. List the prime factors of l.
2, 3, 13
Let w(k) = k - 1. Suppose 5*h = -0*h - b + 19, -2*h - 3*b = -5. Let q(f) = 5*f - 4. Let m(g) = h*w(g) - q(g). What are the prime factors of m(-4)?
2
Let q(b) = 25*b - 21. List the prime factors of q(3).
2, 3
Let q = -108 - -164. What are the prime factors of q?
2, 7
Let f = 9 + -6. Suppose -3*v = -f*y - 5*v + 21, v = 3*y - 21. What are the prime factors of y?
7
Suppose -4*j + 167 = -653. What are the prime factors of j?
5, 41
Let v be 114/24 + (-3)/4. Suppose -8*j + 20 = -v*j. Suppose n - 1 = -j, 5*s + 4*n - 29 = 0. What are the prime factors of s?
3
Suppose 0 = -4*x + 7 + 13. Suppose 0 = x*f + g - 88, -g + 3*g - 6 = 0. Let r = -3 + f. What are the prime factors of r?
2, 7
Let o(l) = -39*l + 5. List the prime factors of o(-3).
2, 61
Suppose k + 2*c - 1 = -7, -2*k + 2*c - 36 = 0. Let v = k + 23. List the prime factors of v.
3
Let f(u) = 12*u**2 + 6*u - 5. List the prime factors of f(2).
5, 11
Suppose 5*u + 3*r = 347, -3*u + 6*u = 4*r + 214. What are the prime factors of u?
2, 5, 7
Suppose 5*x - 492 = -42. List the prime factors of x.
2, 3, 5
Let d = 4 + -4. Suppose 2*p + 3*p - 10 = d. What are the prime factors of p?
2
Let t(x) be the second derivative of x**4/12 - x**3/6 + 2*x**2 + 2*x. Let k be t(0). Suppose k*b - 12 = 0, 3*y - 27 = 3*b - 9. List the prime factors of y.
3
Let z(l) = -l**3 - 5*l**2 - 2*l - 4. Let n be z(-5). Let v = n + -6. Suppose -2*t + 6*t = 2*h - 34, v = -3*h - 5*t - 4. List the prime factors of h.
7
Let y be 166/10 + 8/20. Suppose -3*i - y = 3*j - 44, -4*j = 3*i - 37. List the prime factors of 1 + -2 + j + 0.
3
List the prime factors of (60/35)/(2/70).
2, 3, 5
Suppose -2*d + v + 41 = 0, 0*d - 56 = -2*d - 2*v. What are the prime factors of d?
23
Let y(o) = o**2 + 4*o + 5. Let k be y(-4). Suppose 0